a prime number?
True
Is 153439249 a composite number?
False
Is 30955481 a composite number?
False
Is 321779309 prime?
True
Is 12217273 prime?
False
Is 6235381 prime?
True
Is 2468773 composite?
False
Is 33746795 a prime number?
False
Is 11033707 prime?
True
Is 7481631 a prime number?
False
Is 10180309 prime?
False
Is 1752697 prime?
False
Is 87053 a composite number?
True
Is 73939 a prime number?
True
Is 6342433 a prime number?
False
Is 70981987 a composite number?
True
Is 7747423 composite?
False
Is 152949851 a composite number?
True
Is 331771 prime?
False
Is 32547287 composite?
False
Is 1700509 a prime number?
False
Is 24672413 prime?
False
Is 38410367 prime?
True
Is 71624149 prime?
True
Is 2717177 a composite number?
False
Is 2925721 prime?
True
Is 127235 prime?
False
Is 6290413 composite?
False
Is 428959 prime?
False
Is 125863 prime?
True
Is 39526827 a composite number?
True
Is 13958209 a prime number?
True
Is 16855647 prime?
False
Is 216444851 composite?
True
Is 45595559 a composite number?
False
Is 187200142 composite?
True
Is 46533895 a prime number?
False
Is 13326991 composite?
True
Is 6562997 prime?
False
Is 59264209 a prime number?
False
Is 58768069 a prime number?
True
Is 12429463 a composite number?
False
Is 6311873 a composite number?
False
Is 155623753 a prime number?
True
Is 18605677 prime?
False
Is 262411267 composite?
False
Is 5860703 prime?
False
Is 264938 composite?
True
Is 6658573 a composite number?
False
Is 19367059 a prime number?
True
Is 80468761 a prime number?
True
Is 6304421 a prime number?
True
Is 97044217 prime?
True
Is 3833871 composite?
True
Is 23929 prime?
True
Is 42265249 composite?
True
Is 34275299 a prime number?
True
Is 342629 a prime number?
False
Is 522811 composite?
False
Is 55829831 composite?
False
Is 377335241 composite?
True
Is 31929119 a composite number?
True
Is 17543 prime?
False
Is 338715691 a prime number?
True
Is 16562257 prime?
True
Is 1758859 a prime number?
False
Is 894442 prime?
False
Is 73664059 a prime number?
False
Is 987899 a composite number?
True
Is 58903931 a prime number?
False
Is 1069040967 a prime number?
False
Is 8784409 composite?
True
Is 25458077 a prime number?
True
Is 38147531 a composite number?
True
Is 71609093 a prime number?
True
Is 636379 a prime number?
False
Is 23346881 a prime number?
True
Is 25838027 prime?
True
Is 24061879 composite?
True
Is 1232129 composite?
True
Is 10356047 composite?
True
Is 32969771 prime?
False
Is 112279199 a composite number?
False
Is 551786383 a composite number?
True
Is 94903213 prime?
False
Is 4749793 a prime number?
True
Is 1199251 a prime number?
False
Is 87978827 a prime number?
True
Is 17299871 a composite number?
False
Is 36648653 composite?
True
Is 10242553 a composite number?
False
Is 11905427 composite?
False
Is 763263199 prime?
False
Is 13772342 a composite number?
True
Is 46478957 a composite number?
True
Is 27591313 a prime number?
False
Is 46968659 a composite number?
False
Is 5633623 a prime number?
True
Is 189927403 composite?
False
Is 32715721 prime?
True
Is 106857637 composite?
True
Is 2884621 a composite number?
False
Is 74705482 prime?
False
Is 1526117 a composite number?
False
Is 5096071 prime?
False
Is 53905697 a composite number?
False
Is 3883273 prime?
True
Is 131569 a composite number?
True
Is 97740857 composite?
False
Is 10740611 a prime number?
False
Is 16933799 prime?
False
Is 703306 a composite number?
True
Is 35250463 composite?
True
Is 7868293 composite?
False
Is 22951262 composite?
True
Is 39102623 a prime number?
False
Is 4914797 a prime number?
True
Is 207325331 a composite number?
False
Is 26756443 a composite number?
True
Is 1257209 composite?
False
Is 33352591 prime?
True
Is 51329 a composite number?
False
Is 1186679 prime?
False
Is 179856493 a composite number?
False
Is 50222399 composite?
False
Is 798443 a prime number?
True
Is 109865243 a composite number?
False
Is 1662803 a prime number?
True
Is 9775457 composite?
False
Is 141202387 composite?
True
Is 1150117 composite?
False
Is 12009377 a prime number?
True
Is 2546521 a prime number?
True
Is 1350229 a prime number?
True
Is 30118523 a prime number?
False
Is 3340811 a prime number?
True
Is 603446435 a composite number?
True
Is 119393299 composite?
True
Is 68824439 a prime number?
True
Is 54507247 a prime number?
False
Is 40450783 prime?
True
Is 7420883 a composite number?
False
Is 84886937 a prime number?
False
Is 348442427 composite?
False
Is 225111823 prime?
True
Is 739862113 a prime number?
True
Is 4822589 a composite number?
False
Is 17590043 a composite number?
False
Is 5331731 a composite number?
False
Is 217673 composite?
True
Is 12036989 a prime number?
False
Is 25817398 a prime number?
False
Is 5648863 composite?
True
Is 514621 prime?
True
Is 2095189 a prime number?
True
Is 3394121 composite?
True
Is 248461 a prime number?
True
Is 235121837 prime?
True
Is 126816323 composite?
False
Is 429987 a prime number?
False
Is 1566553 a prime number?
False
Is 4327937 a prime number?
True
Is 258075449 composite?
True
Is 101370553 a prime number?
True
Is 5352419 a composite number?
False
Is 2041681 a prime number?
True
Is 280133393 a prime number?
True
Is 2856133 composite?
True
Is 236063859 composite?
True
Is 2356261 composite?
True
Is 42786017 composite?
True
Is 118308181 a prime number?
True
Is 1510843 a prime number?
True
Is 340464127 composite?
False
Is 20507203 a composite number?
False
Is 9616289 prime?
False
Is 4008163 a prime number?
False
Is 2761586 a prime number?
False
Is 11039957 a prime number?
True
Is 4130887 a composite number?
False
Is 7906287 a prime number?
False
Is 1870439 a prime number?
False
Is 365723 prime?
False
Is 22363213 prime?
True
Is 2407969 prime?
False
Is 61904963 a prime number?
True
Is 9930773 a composite number?
False
Is 29035187 a prime number?
False
Is 229464563 a composite number?
False
Is 865279463 a prime number?
True
Is 28926091 a composite number?
True
Is 2014267 composite?
False
Is 1846063 a composite number?
False
Is 181637173 prime?
True
Is 239352907 prime?
False
Is 384123181 a prime number?
False
Is 7530979 a composite number?
True
Is 23276017 a composite number?
True
Is 2531641 prime?
False
Is 16489129 composite?
True
Is 23842849 a prime number?
True
Is 33648053 a composite number?
True
Is 18352483 a composite number?
True
Is 16315961 a composite number?
True
Is 1769819 a prime number?
False
Is 205069499 a prime number?
True
Is 7209409 prime?
False
Is 5793 composite?
True
Is 265782737 a composite number?
True
Is 2956711 a prime number?
False
Is 36180005 composite?
True
Is 64653455 composite?
True
Is 9850387 prime?
True
Is 107607667 prime?
True
Is 35019721 composite?
True
Is 2193197 composite?
False
Is 10775419 a composite number?
True
Is 130771 a composite number?
True
Is 2464582 a composite number?
True
Is 35495123 a composite number?
True
Is 7372987 composite?
False
Is 82375619 a prime number?
True
Is 244847 a prime number?
False
Is 51973555 composite?
True
Is 3320939 a composite number?
False
Is 220621 prime?
False
Is 48757927 composite?
False
Is 3228143 composite?
False
Is 16513943 a prime number?
True
Is 609702833 a composite number?
False
Is 964381 composite?
True
Is 12465347 a prime number?
True
Is 16366561 a composite number?
False
Is 133769 a composite number?
False
Is 2726657 composite?
False
Is 817211 composite?
False
Is 13647917 a prime number?
True
Is 502589707 a prime number?
True
Is 4676167 prime?
False
Is 49502729 a composite number?
False
Is 15536629 a composite number?
True
Is 205235 a composite number?
True
Is 21330443 a prime number?
True
Is 709649 a composite number?
False
Is 69977293 a prime number?
False
Is 13012061 prime?
True
Is 6185 composite?
True
Is 137241613 composite?
False
Is 27269669 composite?
True
Is 2767319 a prime number?
True
Is 332287 prime?
True
Is 6534985 prime?
False
Is 56017693 composite?
False
Is 659429 a composite number?
True
Is 6400893 prime?
False
Is 996542 composite?
True
Is 1876127707 composite?
False
Is 46893911 composite?
True
Is 53705573 composite?
True
Is 1396657 composite?
False
Is 1333489 a prime number?
True
Is 83392193 composite?
True
Is 275336417 composite?
False
Is 18098021 a composite number?
False
Is 3474797 a prime number?
True
Is 8078183 prime?
T